 69 = 0. Let s(h) = h**3 - 10*h**2 + 4*h + 3. Let k be s(11). Calculate the highest common divisor of d and k.
24
Let l(u) = -u + 1. Let q be l(-4). Let b = -17 + 27. What is the highest common factor of q and b?
5
Let v = -49 + 83. Suppose 4*w = 66 + 2. Calculate the highest common factor of w and v.
17
Let c(n) = -n**3 - n**2 - 2*n + 12. Let x be c(0). Calculate the greatest common factor of x and 8.
4
Let o be 0 + 0 + 118 + 3. Suppose -2*p = h - 10, 3*h + h = -p + 12. Let i be (h + -12 + -1)*-1. What is the highest common divisor of o and i?
11
Suppose 0 = -0*s + 3*s - 18. What is the greatest common factor of s and 6?
6
Suppose 263 = 4*d - 529. Suppose -5*k + 34 = 3*l, -3*k = 4*l - 8*k + 13. Suppose 0*z + 54 = l*z. Calculate the greatest common divisor of z and d.
18
Let b = -65 - -42. Let x be ((-76)/3)/(-2)*3. Let f = b + x. Calculate the greatest common factor of f and 3.
3
Let t be (2/(-2))/((-4)/(-372)). Let q = t - -28. Let m = 98 + q. Calculate the highest common factor of m and 3.
3
Let c = 0 + 2. Suppose 0*j - j + h = -7, 5*j = 3*h + 27. Suppose 4*r - 15 = -5*q, j*r + 3*q - 45 = 6*q. Calculate the highest common factor of c and r.
2
Let j(n) = 2*n + 3. Let i be j(-5). Let y = 10 + i. What is the greatest common factor of 33 and y?
3
Let z be 1 - 595/(-6) - 16/96. Calculate the greatest common factor of 25 and z.
25
Suppose -118 = 3*j - 430. Let c = -69 + j. Calculate the highest common factor of 14 and c.
7
Let t be -7 + 2/3*-3. Let s = -1 - t. Suppose 2*z = 3*x + 99, 33 = -2*z + 5*x + 134. What is the greatest common divisor of z and s?
8
Let p(d) = 2*d - 2. Let h be p(8). Calculate the greatest common divisor of 98 and h.
14
Let d(n) = 42*n + 14. Let w be d(7). What is the greatest common factor of w and 28?
28
Let h be 3 + (618/42 - (-2)/7). Let c be (-2 - -3) + 11*4. What is the highest common factor of c and h?
9
Suppose 7*n - 46 = 4*n + x, 3*n + x = 50. Let k be n + 0 - 1*2. Let u be -5 + 124/4 + 2. What is the highest common factor of k and u?
14
Let f be (81/18)/(6/112). Suppose 0 = -0*x - 2*x + 42. Calculate the highest common factor of f and x.
21
Let j(w) = -w**3 + 9*w**2 - 4*w - 7. Let z be j(7). Let n = z - 3. What is the highest common divisor of 15 and n?
15
Let w = 22 - 19. Suppose -15 = -w*s - 2*s. Calculate the greatest common factor of 3 and s.
3
Suppose 2*i + 2*z = 16, -z + 20 = 2*i + 4. Calculate the highest common divisor of 20 and i.
4
Let p = -5 - -11. Let d be (4/p)/(3/63). Let x = d - 3. Calculate the highest common divisor of 99 and x.
11
Suppose -2*t - 5*p + 47 = t, 69 = 5*t - p. Let i be (8/t)/(28/98). What is the greatest common divisor of 1 and i?
1
Suppose 2*c + i = 151, -5 = -2*i + 1. Calculate the greatest common divisor of c and 37.
37
Let q = 180 + -15. What is the greatest common factor of 15 and q?
15
Let a be 3 + (2 + -14)/4. Let g(q) = q**2 - 2*q + 35. Let c be g(a). What is the highest common factor of c and 7?
7
Let b(s) = -9 + 7*s**2 + 0*s**2 + s**3 - 3*s + 6*s**2 - 4*s**2. Let d be b(-7). What is the highest common divisor of 44 and d?
22
Suppose 0 = -3*v + 5*w - 82, v = 4*v - 4*w + 77. Let k = v - -10. Let a = -4 - k. What is the greatest common factor of a and 10?
5
Let j be 18/30 - 4/(-10). Calculate the highest common factor of j and 11.
1
Let j = 68 - 41. Suppose -3*n + 5 = 2*n + 5*d, 0 = -2*n + 3*d + j. Let u = 80 - 32. Calculate the greatest common factor of u and n.
6
Let t = -7 - -20. Calculate the highest common divisor of 104 and t.
13
Let b be 2050/22 + -4 + (-294)/(-77). Calculate the highest common divisor of b and 62.
31
Suppose -i - 2 + 4 = 0. Suppose 0*u = i*u - 16. Suppose 0 = 2*j - 43 - 69. Calculate the greatest common factor of u and j.
8
Suppose 0 = 5*s + 2*t - 2 - 3, 16 = 2*s - 2*t. Suppose -4*j - 6 = -7*j. What is the highest common factor of s and j?
1
Let h = -4 - -7. Suppose -4*u + 282 = h*t, 8*t = 5*u + 3*t - 370. What is the greatest common divisor of 8 and u?
8
Let a(r) = r**2 + r. Let z(n) = -2*n**2 - n + 1. Let w(i) = 5*a(i) + z(i). Let j be w(4). Calculate the greatest common divisor of 26 and j.
13
Let m = -105 - -182. Calculate the greatest common divisor of m and 11.
11
Let k be 10/3 - 4/(-6). Suppose -3*r = -k*r + 21. Let q be (-192)/(-14) - (-6)/21. What is the highest common divisor of q and r?
7
Let j(x) = 6*x - 57. Let b be j(10). Calculate the highest common factor of b and 9.
3
Let z = -11 + 20. Let b(t) = 3*t - 4. Let j be b(z). Calculate the highest common factor of j and 115.
23
Suppose 62*m - 61*m = 32. What is the greatest common factor of 24 and m?
8
Let f(y) = -y**2 - 10*y - 8. Let g be f(-6). Let x be 1914/30 + 2/10. What is the greatest common factor of x and g?
16
Let c = 4 + 32. Let o = -37 + 55. Let a = o + -9. What is the greatest common factor of a and c?
9
Suppose 5*g - 7 = 53. Suppose -5*s - g = -3*s. Let t be (-1 + 39/s)*-2. What is the greatest common divisor of 3 and t?
3
Suppose -5*b + 388 - 58 = 0. Let c be 670/20 - 7/14. Calculate the highest common divisor of c and b.
33
Let m(r) = -4*r**2 + r - 2. Let j(p) = 9*p**2 - 2*p + 5. Let k(u) = 6*j(u) + 13*m(u). Let w be k(4). What is the highest common factor of w and 8?
8
Let t be 4/(-10) - 1020/(-50). Calculate the greatest common divisor of 40 and t.
20
Suppose 6*r + 8*r = 112. Let z = 10 + -5. Suppose 8 = q + 4*j, 0 = 4*q + z*j - 0*j - 21. Calculate the highest common divisor of r and q.
4
Let d(i) = 9*i - 22. Let l be d(14). Let v be ((-3)/2)/((-2)/4). Let n be (1 - -25)/(v + -1). What is the highest common factor of l and n?
13
Let p be (-2)/(-1) + 3 + -1. Suppose -5*k = -p - 1. Let y be k*-9*(-8)/12. Calculate the greatest common divisor of y and 3.
3
Suppose -5*r = -13 + 43. Let y = r + 10. Suppose -4*a = -y*q + q + 78, -78 = -3*q + 3*a. Calculate the greatest common divisor of q and 65.
13
Let c(n) = n - 3. Let k be c(4). Let s be k + -4 + 2 - -8. What is the greatest common factor of s and 1?
1
Suppose 406 = -4*h + 1242. Suppose -3*u + 2*p + 49 = 0, p + 82 = 5*u - 9. Calculate the highest common divisor of h and u.
19
Suppose -2*i = -3*i. Suppose 3*u - 4*u + 158 = i. Let t = u + -88. Calculate the highest common divisor of 7 and t.
7
Let l(q) = -q**3 + 8*q**2 - 7*q + 6. Let z be l(7). Let t = -2 + z. Suppose -t*h - h = -15. What is the greatest common divisor of h and 24?
3
Let m be 4/2*2/4. Let f = m + 39. What is the highest common divisor of f and 5?
5
Let j = 1 + 0. Suppose j - 45 = -4*r. Suppose -4*d + 29 + 59 = 0. What is the greatest common divisor of r and d?
11
Let f be (-9)/1*(-1)/((-9)/(-12)). Suppose y - 6 - 12 = 0. What is the greatest common factor of f and y?
6
Suppose 0 = -5*m + 15, -6*m + 2 = 2*v - 8*m. Suppose -x + 12 + 18 = v*y, -2*x + 5*y + 8 = 0. Calculate the highest common divisor of 35 and x.
7
Let n = 6 - 6. Suppose n = 5*r - 30 - 90. Calculate the highest common factor of 216 and r.
24
Suppose 0 = -5*f - 0*f - 175. Let h = f - -50. Let r(b) = 2*b**2 + 8*b + 6. Let o be r(-6). What is the highest common divisor of o and h?
15
Suppose -2*i = 2*i - 196. Let p = -28 + i. Let z = 8 - 1. What is the greatest common factor of p and z?
7
Let c = 88 + -64. Calculate the greatest common divisor of 16 and c.
8
Let o = 29 + -13. Suppose -u + 2*u = -4*j + 21, 1 = j. Suppose -s + u = -o. Calculate the greatest common factor of s and 3.
3
Suppose u - 23 - 7 = -2*n, u - 4*n = 30. What is the highest common factor of 210 and u?
30
Suppose 0*n = 3*n + 3. Let r be (-113)/(-6) - n/6. Calculate the greatest common factor of 19 and r.
19
Suppose 2*i + 5*p - 27 = 2*p, -12 = -4*p. What is the greatest common divisor of i and 18?
9
Let q = -5 - -17. Let h = -6 + -9. Let l be 2*5*(-54)/h. What is the highest common divisor of l and q?
12
Let a = 1 - -5. Suppose y + 2*f - 3 + 10 = 0, -y = 4*f + 11. Let p = y + 15. What is the greatest common factor of p and a?
6
Let f be (-1 + 4)*(-8)/6. Let w be (-126)/f - 5/(-10). Let j be -3*(-2 - w/3). Calculate the greatest common factor of j and 95.
19
Suppose 4*v = 2*v - 30. Let k be (-1 + (-12)/v)*-5. Let d be 8 + k + -4 + 6. Calculate the greatest common divisor of d and 11.
11
Let m(v) = -2 + 5 - 11*v - 4. Let h(r) = -2*r + 11. Let q be h(6). Let x be m(q). What is the greatest common factor of x and 50?
10
Suppose 10*q =